{"id":113,"date":"2024-07-22T10:53:19","date_gmt":"2024-07-22T08:53:19","guid":{"rendered":"http:\/\/artencorps.fr\/?page_id=113"},"modified":"2025-10-02T11:30:43","modified_gmt":"2025-10-02T09:30:43","slug":"prochaines-rencontres","status":"publish","type":"page","link":"https:\/\/artencorps.fr\/index.php\/prochaines-rencontres\/","title":{"rendered":"Rendez-vous avec Art en corps"},"content":{"rendered":"\n<div style=\"height:47px\" aria-hidden=\"true\" class=\"wp-block-spacer\"><\/div>\n\n\n\n<p class=\"has-text-align-center\"><strong><mark style=\"background-color:rgba(0, 0, 0, 0);color:#c429c3\" class=\"has-inline-color\"><em>Art en corps<\/em> s&#8217;engage aupr\u00e8s des femmes !<\/mark><\/strong><\/p>\n\n\n\n<div style=\"height:9px\" aria-hidden=\"true\" class=\"wp-block-spacer\"><\/div>\n\n\n\n<p class=\"has-text-align-center\"><\/p>\n\n\n<div class=\"wp-block-image\">\n<figure class=\"aligncenter size-full is-resized\"><img loading=\"lazy\" decoding=\"async\" width=\"527\" height=\"343\" src=\"https:\/\/artencorps.fr\/wp-content\/uploads\/2025\/10\/image.png\" alt=\"\" class=\"wp-image-663\" style=\"width:375px;height:auto\" srcset=\"https:\/\/artencorps.fr\/wp-content\/uploads\/2025\/10\/image.png 527w, https:\/\/artencorps.fr\/wp-content\/uploads\/2025\/10\/image-300x195.png 300w\" sizes=\"auto, (max-width: 527px) 100vw, 527px\" \/><\/figure>\n<\/div>\n\n\n<div style=\"height:29px\" aria-hidden=\"true\" class=\"wp-block-spacer\"><\/div>\n\n\n\n<p class=\"has-text-align-center\"><mark style=\"background-color:rgba(0, 0, 0, 0);color:#c429c3\" class=\"has-inline-color\">Afin de promouvoir la socialisation et la discussion entre femmes, par le biais de ses interventions artistiques et culturelles, <em>Art en corps<\/em> propose aux femmes de participer gratuitement aux ateliers de th\u00e9\u00e2tre qui auront lieux \u00e0 la Maison des Femmes de Choisy-le-Roi aux dates suivantes :<\/mark><strong>&nbsp;<\/strong><\/p>\n\n\n\n<p class=\"has-text-align-center\"><strong><em>&#8211; <\/em><mark style=\"background-color:rgba(0, 0, 0, 0);color:#e3d4d8\" class=\"has-inline-color\">mercredi 8 octobre 2025 de 14h \u00e0 16h<\/mark><\/strong><\/p>\n\n\n\n<p class=\"has-text-align-center\"><strong>&#8211; <mark style=\"background-color:rgba(0, 0, 0, 0);color:#e3d4d8\" class=\"has-inline-color\">mercredi 12 novembre 2025 de 14h \u00e0 16h<\/mark><\/strong><\/p>\n\n\n\n<p class=\"has-text-align-center\"><strong>&#8211; <mark style=\"background-color:rgba(0, 0, 0, 0);color:#e3d4d8\" class=\"has-inline-color\">mercredi 10 d\u00e9cembre 2025 de 14h \u00e0 16h<\/mark><\/strong><\/p>\n\n\n\n<p class=\"has-text-align-center\"><mark style=\"background-color:rgba(0, 0, 0, 0);color:#c429c3\" class=\"has-inline-color\">Inscriptions par mail sur : <\/mark><strong><mark style=\"background-color:rgba(0, 0, 0, 0);color:#e3d4d8\" class=\"has-inline-color\">mdf@choisyleroi.fr<\/mark><\/strong><\/p>\n\n\n\n<p class=\"has-text-align-center\"><em><mark style=\"background-color:rgba(0, 0, 0, 0);color:#c429c3\" class=\"has-inline-color\">(Chaque date est ind\u00e9pendante, il n&#8217;est pas n\u00e9cessaire d&#8217;avoir suivi une session pour participer aux suivantes)<\/mark><\/em><\/p>\n\n\n\n<p class=\"has-text-align-center\"><strong>*<\/strong><\/p>\n\n\n\n<p><mark style=\"background-color:rgba(0, 0, 0, 0);color:#c429c3\" class=\"has-inline-color\">Retrouvez toutes les informations de la MDF et les activit\u00e9s propos\u00e9es sur le site de la ville&nbsp; : <\/mark><a href=\"https:\/\/www.choisyleroi.fr\/vie-municipale-et-democratie-locale\/egalite-femmes-hommes\/maison-des-femmes\/\">https:\/\/www.choisyleroi.fr\/vie-municipale-et-democratie-locale\/egalite-femmes-hommes\/maison-des-femmes\/<\/a><\/p>\n\n\n\n<p class=\"has-text-align-center\"><strong>*<\/strong><\/p>\n\n\n\n<figure class=\"wp-block-table\"><table class=\"has-fixed-layout\"><tbody><tr><td class=\"has-text-align-center\" data-align=\"center\"><mark style=\"background-color:rgba(0, 0, 0, 0);color:#c429c3\" class=\"has-inline-color\"><strong>Si vous \u00eates t\u00e9moin ou victime de violences faites aux femmes, qu\u2019elles soient physiques, verbales ou psychologiques :<\/strong><br><\/mark><br><mark style=\"background-color:rgba(0, 0, 0, 0);color:#c429c3\" class=\"has-inline-color\">Adresse :<strong> <\/strong><\/mark><strong><mark style=\"background-color:rgba(0, 0, 0, 0);color:#e3d4d8\" class=\"has-inline-color\">2, square Henri Sellier \u00e0 Choisy-le-Roi<\/mark><\/strong><mark style=\"background-color:rgba(0, 0, 0, 0);color:#c429c3\" class=\"has-inline-color\"><br><\/mark><br><mark style=\"background-color:rgba(0, 0, 0, 0);color:#c429c3\" class=\"has-inline-color\">Horaires : <\/mark><strong><mark style=\"background-color:rgba(0, 0, 0, 0);color:#e3d4d8\" class=\"has-inline-color\">Du mardi au jeudi de 9h \u00e0 12h30 de 13h30 \u00e0 17h30<\/mark><\/strong><mark style=\"background-color:rgba(0, 0, 0, 0);color:#c429c3\" class=\"has-inline-color\"><br><\/mark><br><mark style=\"background-color:rgba(0, 0, 0, 0);color:#c429c3\" class=\"has-inline-color\">T\u00e9l\u00e9phone : <\/mark><strong><mark style=\"background-color:rgba(0, 0, 0, 0);color:#e3d4d8\" class=\"has-inline-color\">01 88 29 50 65<\/mark><\/strong><mark style=\"background-color:rgba(0, 0, 0, 0);color:#c429c3\" class=\"has-inline-color\"><br><\/mark><br><mark style=\"background-color:rgba(0, 0, 0, 0);color:#c429c3\" class=\"has-inline-color\">Mail :<strong> <\/strong><\/mark><strong><mark style=\"background-color:rgba(0, 0, 0, 0);color:#e3d4d8\" class=\"has-inline-color\">mdf@choisyleroi.fr<\/mark><\/strong><mark style=\"background-color:rgba(0, 0, 0, 0);color:#c429c3\" class=\"has-inline-color\"><br><\/mark><br><mark style=\"background-color:rgba(0, 0, 0, 0);color:#c429c3\" class=\"has-inline-color\"><strong>Les num\u00e9ros utiles en cas de violence :<\/strong><\/mark><strong> <\/strong><a href=\"https:\/\/www.choisyleroi.fr\/vie-municipale-et-democratie-locale\/egalite-femmes-hommes\/numeros-utiles-repertoire\/\"><strong>https:\/\/www.choisyleroi.fr\/vie-municipale-et-democratie-locale\/egalite-femmes-hommes\/numeros-utiles-repertoire\/<\/strong><\/a><br><\/td><\/tr><\/tbody><\/table><\/figure>\n\n\n\n<p class=\"has-text-align-center\"><\/p>\n\n\n\n<p><\/p>\n","protected":false},"excerpt":{"rendered":"<p>\u201cQu\u2019est-ce que la sororit\u00e9 ? C\u2019est la question que se sont pos\u00e9es Sol\u00e8ne et Oc\u00e9ane. Dans un espace minimaliste, le public est successivement invit\u00e9 \u00e0 suivre les discussions de deux amies dans un caf\u00e9, \u00e0 \u00e9couter les tourments d\u2019une adolescente dans sa chambre, \u00e0 \u00eatre t\u00e9moin d\u2019un enregistrement de podcast ou encore \u00e0 entrer dans l\u2019intimit\u00e9 d\u2019un salon d\u2019une colocation. Les deux com\u00e9diennes vont ainsi chercher une d\u00e9finition \u00e0 l\u2019aide des nombreux t\u00e9moignages de femmes recueillis.<\/p>\n<p>Et vous, vous avez une r\u00e9ponse ? Venez partager cet instant de v\u00e9rit\u00e9, dr\u00f4le et po\u00e9tique \u00e0 leur c\u00f4t\u00e9, et t\u00e9moignez \u00e0 votre tour !\u201d<\/p>\n","protected":false},"author":2,"featured_media":0,"parent":0,"menu_order":0,"comment_status":"closed","ping_status":"closed","template":"","meta":{"footnotes":""},"class_list":["post-113","page","type-page","status-publish","hentry"],"_links":{"self":[{"href":"https:\/\/artencorps.fr\/index.php\/wp-json\/wp\/v2\/pages\/113","targetHints":{"allow":["GET"]}}],"collection":[{"href":"https:\/\/artencorps.fr\/index.php\/wp-json\/wp\/v2\/pages"}],"about":[{"href":"https:\/\/artencorps.fr\/index.php\/wp-json\/wp\/v2\/types\/page"}],"author":[{"embeddable":true,"href":"https:\/\/artencorps.fr\/index.php\/wp-json\/wp\/v2\/users\/2"}],"replies":[{"embeddable":true,"href":"https:\/\/artencorps.fr\/index.php\/wp-json\/wp\/v2\/comments?post=113"}],"version-history":[{"count":28,"href":"https:\/\/artencorps.fr\/index.php\/wp-json\/wp\/v2\/pages\/113\/revisions"}],"predecessor-version":[{"id":670,"href":"https:\/\/artencorps.fr\/index.php\/wp-json\/wp\/v2\/pages\/113\/revisions\/670"}],"wp:attachment":[{"href":"https:\/\/artencorps.fr\/index.php\/wp-json\/wp\/v2\/media?parent=113"}],"curies":[{"name":"wp","href":"https:\/\/api.w.org\/{rel}","templated":true}]}}

<div style="height:47px" aria-hidden="true" class="wp-block-spacer"></div>



<p class="has-text-align-center"><strong><mark style="background-color:rgba(0, 0, 0, 0);color:#c429c3" class="has-inline-color"><em>Art en corps</em> s&#8217;engage auprès des femmes !</mark></strong></p>



<div style="height:9px" aria-hidden="true" class="wp-block-spacer"></div>



<p class="has-text-align-center"></p>


<div class="wp-block-image">
<figure class="aligncenter size-full is-resized"><img loading="lazy" decoding="async" width="527" height="343" src="https://artencorps.fr/wp-content/uploads/2025/10/image.png" alt="" class="wp-image-663" style="width:375px;height:auto" srcset="https://artencorps.fr/wp-content/uploads/2025/10/image.png 527w, https://artencorps.fr/wp-content/uploads/2025/10/image-300x195.png 300w" sizes="auto, (max-width: 527px) 100vw, 527px" /></figure>
</div>


<div style="height:29px" aria-hidden="true" class="wp-block-spacer"></div>



<p class="has-text-align-center"><mark style="background-color:rgba(0, 0, 0, 0);color:#c429c3" class="has-inline-color">Afin de promouvoir la socialisation et la discussion entre femmes, par le biais de ses interventions artistiques et culturelles, <em>Art en corps</em> propose aux femmes de participer gratuitement aux ateliers de théâtre qui auront lieux à la Maison des Femmes de Choisy-le-Roi aux dates suivantes :</mark><strong>&nbsp;</strong></p>



<p class="has-text-align-center"><strong><em>&#8211; </em><mark style="background-color:rgba(0, 0, 0, 0);color:#e3d4d8" class="has-inline-color">mercredi 8 octobre 2025 de 14h à 16h</mark></strong></p>



<p class="has-text-align-center"><strong>&#8211; <mark style="background-color:rgba(0, 0, 0, 0);color:#e3d4d8" class="has-inline-color">mercredi 12 novembre 2025 de 14h à 16h</mark></strong></p>



<p class="has-text-align-center"><strong>&#8211; <mark style="background-color:rgba(0, 0, 0, 0);color:#e3d4d8" class="has-inline-color">mercredi 10 décembre 2025 de 14h à 16h</mark></strong></p>



<p class="has-text-align-center"><mark style="background-color:rgba(0, 0, 0, 0);color:#c429c3" class="has-inline-color">Inscriptions par mail sur : </mark><strong><mark style="background-color:rgba(0, 0, 0, 0);color:#e3d4d8" class="has-inline-color">mdf@choisyleroi.fr</mark></strong></p>



<p class="has-text-align-center"><em><mark style="background-color:rgba(0, 0, 0, 0);color:#c429c3" class="has-inline-color">(Chaque date est indépendante, il n&#8217;est pas nécessaire d&#8217;avoir suivi une session pour participer aux suivantes)</mark></em></p>



<p class="has-text-align-center"><strong>*</strong></p>



<p><mark style="background-color:rgba(0, 0, 0, 0);color:#c429c3" class="has-inline-color">Retrouvez toutes les informations de la MDF et les activités proposées sur le site de la ville&nbsp; : </mark><a href="https://www.choisyleroi.fr/vie-municipale-et-democratie-locale/egalite-femmes-hommes/maison-des-femmes/">https://www.choisyleroi.fr/vie-municipale-et-democratie-locale/egalite-femmes-hommes/maison-des-femmes/</a></p>



<p class="has-text-align-center"><strong>*</strong></p>



<figure class="wp-block-table"><table class="has-fixed-layout"><tbody><tr><td class="has-text-align-center" data-align="center"><mark style="background-color:rgba(0, 0, 0, 0);color:#c429c3" class="has-inline-color"><strong>Si vous êtes témoin ou victime de violences faites aux femmes, qu’elles soient physiques, verbales ou psychologiques :</strong><br></mark><br><mark style="background-color:rgba(0, 0, 0, 0);color:#c429c3" class="has-inline-color">Adresse :<strong> </strong></mark><strong><mark style="background-color:rgba(0, 0, 0, 0);color:#e3d4d8" class="has-inline-color">2, square Henri Sellier à Choisy-le-Roi</mark></strong><mark style="background-color:rgba(0, 0, 0, 0);color:#c429c3" class="has-inline-color"><br></mark><br><mark style="background-color:rgba(0, 0, 0, 0);color:#c429c3" class="has-inline-color">Horaires : </mark><strong><mark style="background-color:rgba(0, 0, 0, 0);color:#e3d4d8" class="has-inline-color">Du mardi au jeudi de 9h à 12h30 de 13h30 à 17h30</mark></strong><mark style="background-color:rgba(0, 0, 0, 0);color:#c429c3" class="has-inline-color"><br></mark><br><mark style="background-color:rgba(0, 0, 0, 0);color:#c429c3" class="has-inline-color">Téléphone : </mark><strong><mark style="background-color:rgba(0, 0, 0, 0);color:#e3d4d8" class="has-inline-color">01 88 29 50 65</mark></strong><mark style="background-color:rgba(0, 0, 0, 0);color:#c429c3" class="has-inline-color"><br></mark><br><mark style="background-color:rgba(0, 0, 0, 0);color:#c429c3" class="has-inline-color">Mail :<strong> </strong></mark><strong><mark style="background-color:rgba(0, 0, 0, 0);color:#e3d4d8" class="has-inline-color">mdf@choisyleroi.fr</mark></strong><mark style="background-color:rgba(0, 0, 0, 0);color:#c429c3" class="has-inline-color"><br></mark><br><mark style="background-color:rgba(0, 0, 0, 0);color:#c429c3" class="has-inline-color"><strong>Les numéros utiles en cas de violence :</strong></mark><strong> </strong><a href="https://www.choisyleroi.fr/vie-municipale-et-democratie-locale/egalite-femmes-hommes/numeros-utiles-repertoire/"><strong>https://www.choisyleroi.fr/vie-municipale-et-democratie-locale/egalite-femmes-hommes/numeros-utiles-repertoire/</strong></a><br></td></tr></tbody></table></figure>



<p class="has-text-align-center"></p>



<p></p>

<p>“Qu’est-ce que la sororité ? C’est la question que se sont posées Solène et Océane. Dans un espace minimaliste, le public est successivement invité à suivre les discussions de deux amies dans un café, à écouter les tourments d’une adolescente dans sa chambre, à être témoin d’un enregistrement de podcast ou encore à entrer dans l’intimité d’un salon d’une colocation. Les deux comédiennes vont ainsi chercher une définition à l’aide des nombreux témoignages de femmes recueillis.</p>
<p>Et vous, vous avez une réponse ? Venez partager cet instant de vérité, drôle et poétique à leur côté, et témoignez à votre tour !”</p>
