{"id":14,"date":"2024-07-17T12:11:45","date_gmt":"2024-07-17T10:11:45","guid":{"rendered":"http:\/\/artencorps.fr\/?page_id=14"},"modified":"2025-07-15T08:34:41","modified_gmt":"2025-07-15T06:34:41","slug":"equipe","status":"publish","type":"page","link":"https:\/\/artencorps.fr\/index.php\/equipe\/","title":{"rendered":"\u00c9quipe artistique"},"content":{"rendered":"\n<p><\/p>\n\n\n\n<p class=\"has-text-align-center\"><br><strong><mark style=\"background-color:rgba(0, 0, 0, 0);color:#e3d4d8\" class=\"has-inline-color\">Directrice et artiste associ\u00e9e : Sol\u00e8ne Eberhardt<\/mark><\/strong><\/p>\n\n\n\n<div style=\"height:16px\" aria-hidden=\"true\" class=\"wp-block-spacer\"><\/div>\n\n\n<div class=\"wp-block-image\">\n<figure class=\"aligncenter size-large is-resized\"><img loading=\"lazy\" decoding=\"async\" width=\"1024\" height=\"1024\" src=\"https:\/\/artencorps.fr\/wp-content\/uploads\/2025\/07\/APO00837-1024x1024.jpeg\" alt=\"\" class=\"wp-image-624\" style=\"width:273px;height:auto\" srcset=\"https:\/\/artencorps.fr\/wp-content\/uploads\/2025\/07\/APO00837-1024x1024.jpeg 1024w, https:\/\/artencorps.fr\/wp-content\/uploads\/2025\/07\/APO00837-300x300.jpeg 300w, https:\/\/artencorps.fr\/wp-content\/uploads\/2025\/07\/APO00837-150x150.jpeg 150w, https:\/\/artencorps.fr\/wp-content\/uploads\/2025\/07\/APO00837-768x768.jpeg 768w, https:\/\/artencorps.fr\/wp-content\/uploads\/2025\/07\/APO00837-1536x1536.jpeg 1536w, https:\/\/artencorps.fr\/wp-content\/uploads\/2025\/07\/APO00837-2048x2048.jpeg 2048w, https:\/\/artencorps.fr\/wp-content\/uploads\/2025\/07\/APO00837-1140x1140.jpeg 1140w, https:\/\/artencorps.fr\/wp-content\/uploads\/2025\/07\/APO00837-75x75.jpeg 75w\" sizes=\"auto, (max-width: 1024px) 100vw, 1024px\" \/><\/figure>\n<\/div>\n\n\n<div style=\"height:34px\" aria-hidden=\"true\" class=\"wp-block-spacer\"><\/div>\n\n\n\n<p>Sol\u00e8ne d\u00e9couvre le th\u00e9\u00e2tre au lyc\u00e9e et choisit de poursuivre cette option en tant que sp\u00e9cialit\u00e9 jusqu\u2019au baccalaur\u00e9at. En plus de ses professeurs, elle est encadr\u00e9e par une danseuse chor\u00e9graphe, Marielle Durupt, puis Christine Koetzel, com\u00e9dienne et metteur en sc\u00e8ne. Dans le cadre de sa formation et des nombreux partenariats mis en place entre son lyc\u00e9e et les structures culturelles de la ville de Nancy, en plus d\u2019assister \u00e0 de nombreux spectacles tout au long de l\u2019ann\u00e9e, Sol\u00e8ne participe \u00e0 des rencontres et \u00e0 des stages avec des metteurs en sc\u00e8ne de renom. En tant que com\u00e9dienne, elle a la chance de participer au festival de la Mousson d\u2019hiver et de jouer dans<em> Le<\/em> <em>Mariage de Figaro<\/em> \u00e0 l\u2019Op\u00e9ra de Nancy.<\/p>\n\n\n\n<p>Son parcours se poursuit deux ans en classe pr\u00e9paratoire litt\u00e9raire aux grandes \u00e9coles \u00e0 Paris, toujours avec la sp\u00e9cialit\u00e9 th\u00e9\u00e2tre : la richesse et la diversit\u00e9 artistique d\u00e9cuplent sa passion pour le th\u00e9\u00e2tre. Elle se confronte aux m\u00e9thodes de travail de plusieurs artistes et d\u00e9couvre la farce aupr\u00e8s d\u2019Agn\u00e8s Bourgeois, la marionnette aupr\u00e8s de B\u00e9rang\u00e8re Vantusso ainsi que le th\u00e9\u00e2tre musical aupr\u00e8s de S\u00e9bastien Rivas. Parall\u00e8lement, elle commence \u00e0 se former au jeu d\u2019acteur aupr\u00e8s de Jean-Pierre Han\u00e9, dont elle int\u00e9grera pleinement la troupe amateur.<\/p>\n\n\n\n<p>Sol\u00e8ne s\u2019oriente ensuite vers une Licence de Lettres parcours th\u00e9\u00e2tre \u00e0 La Sorbonne-Nouvelle Paris 3 et int\u00e8gre le Conservatoire \u00e0 rayonnement r\u00e9gional de Cergy en classe d\u2019art dramatique aupr\u00e8s de Coco Felgeirolles. A la demande d\u2019un \u00e9tablissement scolaire, elle organise \u00e9galement des ateliers d\u2019initiation \u00e0 l\u2019art dramatique \u00e0 des coll\u00e9giens, ce qui la conforte dans ses d\u00e9sirs de transmission et de partage. Par ailleurs, toujours dans la dynamique de varier ses exp\u00e9riences, Sol\u00e8ne participe \u00e0 la constitution du casting du court m\u00e9trage <em>Une derni\u00e8re nuit<\/em>, et propose son aide \u00e0 la compagnie <em>Spleen Th\u00e9\u00e2tre<\/em> comme assistante de production sur le spectacle <em>Michka<\/em>.<\/p>\n\n\n\n<p>Tr\u00e8s d\u00e9\u00e7ue du clivage entre ses cours de th\u00e9\u00e2tre, tant th\u00e9oriques que pratiques, et ses cours de litt\u00e9rature sur le th\u00e9\u00e2tre qui laissent de c\u00f4t\u00e9 la dimension spectaculaire de cet art vivant, Sol\u00e8ne choisit de poursuivre son cursus universitaire en Master d\u2019\u00e9tudes th\u00e9\u00e2trales : elle se sp\u00e9cialise dans le th\u00e9\u00e2tre contemporain et plus particuli\u00e8rement en dramaturgie. A travers son M\u00e9moire <em>Le renouveau de S\u00e9n\u00e8que sur les sc\u00e8nes fran\u00e7aises depuis les ann\u00e9es 1990, <\/em>dirig\u00e9 par Pierre Letessier, elle est au c\u0153ur des pr\u00e9occupations qui l\u2019animent : le lien entre l\u2019\u00e9criture et la mise sc\u00e8ne. En tant que com\u00e9dienne, elle joue dans les mises en sc\u00e8ne de Jean-Pierre Han\u00e9 et participe, cette fois en tant qu\u2019assistante dramaturge, \u00e0 la mise en sc\u00e8ne de <em>J\u2019irai dehors<\/em> de Jean-Pierre Ryngaert au <em>Glob Th\u00e9\u00e2tre<\/em> de Bordeaux. S\u2019int\u00e9ressant de plus en plus \u00e0 la dramaturgie et donc \u00e0 l\u2019\u00e9criture, Sol\u00e8ne int\u00e8gre <em>l\u2019Universit\u00e9 de la Mousson d\u2019\u00e9t\u00e9 d\u2019ao\u00fbt 2017<\/em>, le festival des nouvelles \u00e9critures dramatiques contemporaines, r\u00e9unissant des auteurs et autrices de toute l\u2019Europe. Encadr\u00e9e par Joseph Danan, elle d\u00e9couvre de nombreux textes, participe \u00e0 des mises en espace de lectures et s\u2019essaie \u00e0 des exercices d\u2019\u00e9criture.<\/p>\n\n\n\n<p>Persuad\u00e9e que sa place se trouve dans le th\u00e9\u00e2tre et le spectacle vivant, au c\u0153ur de l\u2019\u00e9criture et de la mise en sc\u00e8ne, notamment \u00e0 travers la dramaturgie, Sol\u00e8ne met en sc\u00e8ne durant quatre ans les cr\u00e9ations de la <em>Compagnie Artisanale<\/em> dirig\u00e9e par Alice Lemy : les deux spectacles <em>Accords perdus<\/em> et <em>Rencards d\u2019enfer<\/em> sont programm\u00e9s \u00e0 Paris et au Festival d\u2019Avignon en 2022. Convaincue que l\u2019exp\u00e9rience de la sc\u00e8ne est aussi un outil indispensable pour pouvoir comprendre et diriger des artistes, Sol\u00e8ne renoue avec le jeu d\u2019acteur gr\u00e2ce \u00e0 la compagnie professionnelle <em>Cordialement<\/em>.<\/p>\n\n\n\n<p>Riche de ses exp\u00e9riences et dans une dynamique de transmission et d\u2019\u00e9changes cr\u00e9atifs et artistiques, Sol\u00e8ne fonde l\u2019association <em>Art en corps<\/em> : elle souhaite pouvoir faire (re)d\u00e9couvrir le th\u00e9\u00e2tre et cr\u00e9er des ponts avec les institutions, afin de faire profiter au plus grand nombre ce dont elle a b\u00e9n\u00e9fici\u00e9. <\/p>\n\n\n\n<p><em>Si vous souhaitez des renseignements sur sa mani\u00e8re d\u2019appr\u00e9hender et d\u2019enseigner le th\u00e9\u00e2tre au cours des ateliers qu\u2019elle m\u00e8ne, rendez-vous dans la rubrique&nbsp; <a href=\"http:\/\/artencorps.fr\/index.php\/pedagogie\/\" data-type=\"page\" data-id=\"40\">P\u00e9dagogie<\/a>.<\/em><\/p>\n\n\n\n<div style=\"height:15px\" aria-hidden=\"true\" class=\"wp-block-spacer\"><\/div>\n\n\n\n<figure class=\"wp-block-table aligncenter\"><table class=\"has-fixed-layout\"><tbody><tr><td class=\"has-text-align-center\" data-align=\"center\"><br><strong><mark style=\"background-color:rgba(0, 0, 0, 0);color:#e3d4d8\" class=\"has-inline-color\">2011-2012 Baccalaur\u00e9at Litt\u00e9raire sp\u00e9cialit\u00e9 Th\u00e9\u00e2tre<\/mark><\/strong><br>2008-2009 &#8211; Cours encadr\u00e9s par M. Durupt, danseuse et chor\u00e9graphe<br>2009-2012 &#8211; Cours encadr\u00e9s par C. Koetzel, com\u00e9dienne et metteur en sc\u00e8ne<br>2009-2011 &#8211; Stages aupr\u00e8s de\u00a0 F. Rodinson, C. Koetzel et J. Osinski, metteurs en sc\u00e8ne<br>2011 &#8211; Mousson d&#8217;hiver &#8211; lecture de <em>Cancrelat <\/em>de S. Holcroft<br>2011 &#8211; <em>Le Mariage de Figaro<\/em> \u00e0 l\u2019Op\u00e9ra de Nancy<br><br><strong><mark style=\"background-color:rgba(0, 0, 0, 0);color:#e3d4d8\" class=\"has-inline-color\">2012-2014 &#8211; CPGE Litt\u00e9raire option Th\u00e9\u00e2tre \u00e0 V. Hugo et H. de Balzac<\/mark><\/strong><br>2012-2014 &#8211; <em>\u00c7a fait peur<\/em> (J-M. Ribes) avec J.-P. Han\u00e9\u00a0\u00a0\u00a0\u00a0\u00a0\u00a0\u00a0\u00a0\u00a0\u00a0\u00a0\u00a0<br>2013 &#8211; Stage sur la farce aupr\u00e8s d\u2019Agn\u00e8s Bourgeois\u00a0\u00a0\u00a0\u00a0\u00a0\u00a0\u00a0\u00a0\u00a0\u00a0\u00a0\u00a0<br>2013 &#8211; Stage de d\u00e9couverte de la marionnette aupr\u00e8s de B\u00e9rang\u00e8re Vantusso\u00a0\u00a0\u00a0\u00a0\u00a0\u00a0\u00a0\u00a0\u00a0\u00a0\u00a0\u00a0\u00a0<br>2013 &#8211; Stage de d\u00e9couverte du th\u00e9\u00e2tre musical aupr\u00e8s de S\u00e9bastien Rivas<br><br><strong><mark style=\"background-color:rgba(0, 0, 0, 0);color:#e3d4d8\" class=\"has-inline-color\">2014-2016 &#8211; CET Conservatoire r\u00e9gional d&#8217;art dramatique de Cergy<\/mark><\/strong><br>2014-2016 Cours dirig\u00e9s par Coco Felgeirolles<br><br><strong><mark style=\"background-color:rgba(0, 0, 0, 0);color:#e3d4d8\" class=\"has-inline-color\">2014-2018 &#8211; Pratique th\u00e9\u00e2trale avec association Entr&#8217;Acte (Conservatoire 7e arr.)<\/mark><\/strong><br>2015 et 2016 &#8211; <em>L&#8217;invitation au ch\u00e2teau<\/em> (Anouilh) \u2013 J.-P. Han\u00e9 \u2013 r\u00f4le d\u2019Isabelle<br>2017 &#8211; <em>F\u00eate de famille<\/em> (Pierre Notte) \u2013 J.-P. Han\u00e9 \u2013 r\u00f4le de La Petite s\u0153ur<br>2018 &#8211; <em>Dialogues des Carm\u00e9lites<\/em> (Bernanos) \u2013 J.-P. Han\u00e9 \u2013 r\u00f4le de Blanche<br><br><strong><mark style=\"background-color:rgba(0, 0, 0, 0);color:#e3d4d8\" class=\"has-inline-color\">2014-2015 &#8211; Licence : Lettres\/th\u00e9\u00e2tre \u00e0 la Sorbonne-Nouvelle Paris 3<\/mark><\/strong><br>2014 &#8211; Intervention de pratique th\u00e9\u00e2trale &#8211; coll\u00e8ge J. Callot (54230)<br>2015 &#8211; Assistante casting &#8211; <em>Une derni\u00e8re nuit <\/em>&#8211; G. Arrondeau et J. Cozzo<br><br><mark style=\"background-color:rgba(0, 0, 0, 0);color:#e3d4d8\" class=\"has-inline-color\"><strong>2015-2017 &#8211; Master 2 : \u00c9tudes Th\u00e9\u00e2trales \u00e0 Paris 3<\/strong>\u00a0\u00a0<\/mark>\u00a0\u00a0\u00a0\u00a0\u00a0\u00a0\u00a0\u00a0\u00a0<br>M\u00e9moire de fin d\u2019\u00e9tude : <em>Le renouveau de S\u00e9n\u00e8que sur les sc\u00e8nes fran\u00e7aises depuis les ann\u00e9es 1990 &#8211; <\/em>dirig\u00e9 par Pierre Letessier<br><em><strong>2015-2016 &#8211; S\u00e9minaires suivis :<\/strong>\u00a0<\/em><br><em>Le th\u00e9\u00e2tre romain<\/em> &#8211; <em>Comment repr\u00e9senter le th\u00e9\u00e2tre de T\u00e9rence ?\u00a0<\/em><br>\u00a0<em>Le th\u00e9\u00e2tre contemporain <\/em>&#8211; <em>Castellucci<\/em><br><em>Le costume &#8211; Angelin Preljocaj<\/em><br><em>La traduction th\u00e9\u00e2trale<\/em><br><strong><em>2016-2017 &#8211; S\u00e9minaires suivis :<\/em><\/strong><br><em>La dramaturgie de la guerre<\/em><br><em>Les repr\u00e9sentations sc\u00e9niques du th\u00e9\u00e2tre antique<\/em> &#8211; <em>Les Bacchantes<\/em> d\u2019Euripide<br><em>Lire le th\u00e9\u00e2tre contemporain<\/em><br>2016-2017 &#8211; Assistante \u00e0 la dramaturgie &#8211; <em>J\u2019irai dehors<\/em> &#8211; aupr\u00e8s de J.-P. Ryngaert<br>2017 &#8211; Universitaire de la Mousson d&#8217;\u00e9t\u00e9 : stage avec Joseph Danan<br>Hiver 2017 &#8211; Charg\u00e9e de Production pour la Compagnie <em>Spleen Th\u00e9\u00e2tre<\/em><br><br><strong><mark style=\"background-color:rgba(0, 0, 0, 0);color:#e3d4d8\" class=\"has-inline-color\">2019-2022 &#8211; Metteur en sc\u00e8ne pour <em>La Compagnie Artisanale<\/em><\/mark><\/strong><br><br><strong><mark style=\"background-color:rgba(0, 0, 0, 0);color:#e3d4d8\" class=\"has-inline-color\">2020-2022 &#8211; Com\u00e9dienne aupr\u00e8s de la compagnie <em>Cordialement<\/em><\/mark><\/strong><br><br><strong><mark style=\"background-color:rgba(0, 0, 0, 0);color:#e3d4d8\" class=\"has-inline-color\">2023 &#8211; Stages de th\u00e9\u00e2tre adulte pour un groupe de danseurs et danseuses<\/mark><\/strong><br><br><strong><mark style=\"background-color:rgba(0, 0, 0, 0);color:#e3d4d8\" class=\"has-inline-color\">2024 &#8211; Cr\u00e9ation de l\u2019association <em>Art en corps<\/em><\/mark><\/strong><br>2024-2025 &#8211; Mise en place des ateliers d\u2019initiation 11-14 ans<br>2024-2025 &#8211; Mise en place de stages de th\u00e9\u00e2tre pour adultes<br>Mars 2025 &#8211; Cr\u00e9ation et repr\u00e9sentation d&#8217;un spectacle sur la sororit\u00e9<br>Juin 2025 &#8211; Participation \u00e0 &#8220;Assos en sc\u00e8ne&#8221; au Th\u00e9\u00e2tre-Cin\u00e9ma de Choisy-le-Roi<br><br><strong><mark style=\"background-color:rgba(0, 0, 0, 0);color:#e3d4d8\" class=\"has-inline-color\">2025 &#8211; Assistante dramaturge aupr\u00e8s de St\u00e9phanie Bassibey<\/mark><\/strong><br><br><\/td><\/tr><\/tbody><\/table><\/figure>\n","protected":false},"excerpt":{"rendered":"<p>Directrice et artiste associ\u00e9e : Sol\u00e8ne Eberhardt Sol\u00e8ne d\u00e9couvre le th\u00e9\u00e2tre au lyc\u00e9e et choisit de poursuivre cette option en tant que sp\u00e9cialit\u00e9 jusqu\u2019au baccalaur\u00e9at. En plus de ses professeurs, elle est encadr\u00e9e par une danseuse chor\u00e9graphe, Marielle Durupt, puis Christine Koetzel, com\u00e9dienne et metteur en sc\u00e8ne. Dans le cadre de sa formation et des nombreux partenariats mis en place entre son lyc\u00e9e et les structures culturelles de la ville de Nancy, en plus d\u2019assister \u00e0 de nombreux spectacles tout au long de l\u2019ann\u00e9e, Sol\u00e8ne participe \u00e0 des rencontres et \u00e0 des stages avec des metteurs en sc\u00e8ne de renom. En tant que com\u00e9dienne, elle a la chance de participer au festival de la Mousson d\u2019hiver et de jouer dans Le Mariage de Figaro \u00e0 l\u2019Op\u00e9ra de Nancy. Son parcours se poursuit deux ans en classe pr\u00e9paratoire litt\u00e9raire aux grandes \u00e9coles \u00e0 Paris, toujours avec la sp\u00e9cialit\u00e9 th\u00e9\u00e2tre : la richesse et la diversit\u00e9 artistique d\u00e9cuplent sa passion pour le th\u00e9\u00e2tre. Elle se confronte aux m\u00e9thodes de travail de plusieurs artistes et d\u00e9couvre la farce aupr\u00e8s d\u2019Agn\u00e8s Bourgeois, la marionnette aupr\u00e8s de B\u00e9rang\u00e8re Vantusso ainsi que le th\u00e9\u00e2tre musical aupr\u00e8s de S\u00e9bastien Rivas. Parall\u00e8lement, elle commence \u00e0 se former au jeu d\u2019acteur aupr\u00e8s de Jean-Pierre Han\u00e9, dont elle int\u00e9grera pleinement la troupe amateur. Sol\u00e8ne s\u2019oriente ensuite vers une Licence de Lettres parcours th\u00e9\u00e2tre \u00e0 La Sorbonne-Nouvelle Paris 3 et int\u00e8gre le Conservatoire \u00e0 rayonnement r\u00e9gional de Cergy en classe d\u2019art dramatique aupr\u00e8s de Coco Felgeirolles. A la demande d\u2019un \u00e9tablissement scolaire, elle organise \u00e9galement des ateliers d\u2019initiation \u00e0 l\u2019art dramatique \u00e0 des coll\u00e9giens, ce qui la conforte dans ses d\u00e9sirs de transmission et de partage. Par ailleurs, toujours dans la dynamique de varier ses exp\u00e9riences, Sol\u00e8ne participe \u00e0 la constitution du casting du court m\u00e9trage Une derni\u00e8re nuit, et propose son aide \u00e0 la compagnie Spleen Th\u00e9\u00e2tre comme assistante de production sur le spectacle Michka. Tr\u00e8s d\u00e9\u00e7ue du clivage entre ses cours de th\u00e9\u00e2tre, tant th\u00e9oriques que pratiques, et ses cours de litt\u00e9rature sur le th\u00e9\u00e2tre qui laissent de c\u00f4t\u00e9 la dimension spectaculaire de cet art vivant, Sol\u00e8ne choisit de poursuivre son cursus universitaire en Master d\u2019\u00e9tudes th\u00e9\u00e2trales : elle se sp\u00e9cialise dans le th\u00e9\u00e2tre contemporain et plus particuli\u00e8rement en dramaturgie. A travers son M\u00e9moire Le renouveau de S\u00e9n\u00e8que sur les sc\u00e8nes fran\u00e7aises depuis les ann\u00e9es 1990, dirig\u00e9 par Pierre Letessier, elle est au c\u0153ur des pr\u00e9occupations qui l\u2019animent : le lien entre l\u2019\u00e9criture et la mise sc\u00e8ne. En tant que com\u00e9dienne, elle joue dans les mises en sc\u00e8ne de Jean-Pierre Han\u00e9 et participe, cette fois en tant qu\u2019assistante dramaturge, \u00e0 la mise en sc\u00e8ne de J\u2019irai dehors de Jean-Pierre Ryngaert au Glob Th\u00e9\u00e2tre de Bordeaux. S\u2019int\u00e9ressant de plus en plus \u00e0 la dramaturgie et donc \u00e0 l\u2019\u00e9criture, Sol\u00e8ne int\u00e8gre l\u2019Universit\u00e9 de la Mousson d\u2019\u00e9t\u00e9 d\u2019ao\u00fbt 2017, le festival des nouvelles \u00e9critures dramatiques contemporaines, r\u00e9unissant des auteurs et autrices de toute l\u2019Europe. Encadr\u00e9e par Joseph Danan, elle d\u00e9couvre de nombreux textes, participe \u00e0 des mises en espace de lectures et s\u2019essaie \u00e0 des exercices d\u2019\u00e9criture. Persuad\u00e9e que sa place se trouve dans le th\u00e9\u00e2tre et le spectacle vivant, au c\u0153ur de l\u2019\u00e9criture et de la mise en sc\u00e8ne, notamment \u00e0 travers la dramaturgie, Sol\u00e8ne met en sc\u00e8ne durant quatre ans les cr\u00e9ations de la Compagnie Artisanale dirig\u00e9e par Alice Lemy : les deux spectacles Accords perdus et Rencards d\u2019enfer sont programm\u00e9s \u00e0 Paris et au Festival d\u2019Avignon en 2022. Convaincue que l\u2019exp\u00e9rience de la sc\u00e8ne est aussi un outil indispensable pour pouvoir comprendre et diriger des artistes, Sol\u00e8ne renoue avec le jeu d\u2019acteur gr\u00e2ce \u00e0 la compagnie professionnelle Cordialement. Riche de ses exp\u00e9riences et dans une dynamique de transmission et d\u2019\u00e9changes cr\u00e9atifs et artistiques, Sol\u00e8ne fonde l\u2019association Art en corps : elle souhaite pouvoir faire (re)d\u00e9couvrir le th\u00e9\u00e2tre et cr\u00e9er des ponts avec les institutions, afin de faire profiter au plus grand nombre ce dont elle a b\u00e9n\u00e9fici\u00e9. Si vous souhaitez des renseignements sur sa mani\u00e8re d\u2019appr\u00e9hender et d\u2019enseigner le th\u00e9\u00e2tre au cours des ateliers qu\u2019elle m\u00e8ne, rendez-vous dans la rubrique&nbsp; P\u00e9dagogie. 2011-2012 Baccalaur\u00e9at Litt\u00e9raire sp\u00e9cialit\u00e9 Th\u00e9\u00e2tre2008-2009 &#8211; Cours encadr\u00e9s par M. Durupt, danseuse et chor\u00e9graphe2009-2012 &#8211; Cours encadr\u00e9s par C. Koetzel, com\u00e9dienne et metteur en sc\u00e8ne2009-2011 &#8211; Stages aupr\u00e8s de\u00a0 F. Rodinson, C. Koetzel et J. Osinski, metteurs en sc\u00e8ne2011 &#8211; Mousson d&#8217;hiver &#8211; lecture de Cancrelat de S. Holcroft2011 &#8211; Le Mariage de Figaro \u00e0 l\u2019Op\u00e9ra de Nancy 2012-2014 &#8211; CPGE Litt\u00e9raire option Th\u00e9\u00e2tre \u00e0 V. Hugo et H. de Balzac2012-2014 &#8211; \u00c7a fait peur (J-M. Ribes) avec J.-P. Han\u00e9\u00a0\u00a0\u00a0\u00a0\u00a0\u00a0\u00a0\u00a0\u00a0\u00a0\u00a0\u00a02013 &#8211; Stage sur la farce aupr\u00e8s d\u2019Agn\u00e8s Bourgeois\u00a0\u00a0\u00a0\u00a0\u00a0\u00a0\u00a0\u00a0\u00a0\u00a0\u00a0\u00a02013 &#8211; Stage de d\u00e9couverte de la marionnette aupr\u00e8s de B\u00e9rang\u00e8re Vantusso\u00a0\u00a0\u00a0\u00a0\u00a0\u00a0\u00a0\u00a0\u00a0\u00a0\u00a0\u00a0\u00a02013 &#8211; Stage de d\u00e9couverte du th\u00e9\u00e2tre musical aupr\u00e8s de S\u00e9bastien Rivas 2014-2016 &#8211; CET Conservatoire r\u00e9gional d&#8217;art dramatique de Cergy2014-2016 Cours dirig\u00e9s par Coco Felgeirolles 2014-2018 &#8211; Pratique th\u00e9\u00e2trale avec association Entr&#8217;Acte (Conservatoire 7e arr.)2015 et 2016 &#8211; L&#8217;invitation au ch\u00e2teau (Anouilh) \u2013 J.-P. Han\u00e9 \u2013 r\u00f4le d\u2019Isabelle2017 &#8211; F\u00eate de famille (Pierre Notte) \u2013 J.-P. Han\u00e9 \u2013 r\u00f4le de La Petite s\u0153ur2018 &#8211; Dialogues des Carm\u00e9lites (Bernanos) \u2013 J.-P. Han\u00e9 \u2013 r\u00f4le de Blanche 2014-2015 &#8211; Licence : Lettres\/th\u00e9\u00e2tre \u00e0 la Sorbonne-Nouvelle Paris 32014 &#8211; Intervention de pratique th\u00e9\u00e2trale &#8211; coll\u00e8ge J. Callot (54230)2015 &#8211; Assistante casting &#8211; Une derni\u00e8re nuit &#8211; G. Arrondeau et J. Cozzo 2015-2017 &#8211; Master 2 : \u00c9tudes Th\u00e9\u00e2trales \u00e0 Paris 3\u00a0\u00a0\u00a0\u00a0\u00a0\u00a0\u00a0\u00a0\u00a0\u00a0\u00a0M\u00e9moire de fin d\u2019\u00e9tude : Le renouveau de S\u00e9n\u00e8que sur les sc\u00e8nes fran\u00e7aises depuis les ann\u00e9es 1990 &#8211; dirig\u00e9 par Pierre Letessier2015-2016 &#8211; S\u00e9minaires suivis :\u00a0Le th\u00e9\u00e2tre romain &#8211; Comment repr\u00e9senter le th\u00e9\u00e2tre de T\u00e9rence ?\u00a0\u00a0Le th\u00e9\u00e2tre contemporain &#8211; CastellucciLe costume &#8211; Angelin PreljocajLa traduction th\u00e9\u00e2trale2016-2017 &#8211; S\u00e9minaires suivis :La dramaturgie de la guerreLes repr\u00e9sentations sc\u00e9niques du th\u00e9\u00e2tre antique &#8211; Les Bacchantes d\u2019EuripideLire le th\u00e9\u00e2tre contemporain2016-2017 &#8211; Assistante \u00e0 la dramaturgie &#8211; J\u2019irai dehors &#8211; aupr\u00e8s de J.-P. Ryngaert2017 &#8211; Universitaire de la Mousson d&#8217;\u00e9t\u00e9 : stage avec Joseph DananHiver 2017 &#8211; Charg\u00e9e de Production pour la Compagnie Spleen Th\u00e9\u00e2tre 2019-2022 &#8211; Metteur en sc\u00e8ne pour La Compagnie Artisanale 2020-2022 &#8211; Com\u00e9dienne aupr\u00e8s de la compagnie Cordialement 2023 &#8211; Stages de th\u00e9\u00e2tre adulte pour un groupe de danseurs et danseuses 2024 &#8211; Cr\u00e9ation de l\u2019association Art en corps2024-2025 &#8211; Mise en place des ateliers d\u2019initiation 11-14 ans2024-2025 &#8211; Mise en place de stages de th\u00e9\u00e2tre pour adultesMars 2025 &#8211; Cr\u00e9ation et repr\u00e9sentation d&#8217;un spectacle sur la sororit\u00e9Juin 2025 &#8211; Participation \u00e0 &#8220;Assos en sc\u00e8ne&#8221; au Th\u00e9\u00e2tre-Cin\u00e9ma de Choisy-le-Roi 2025 &#8211; Assistante dramaturge aupr\u00e8s de St\u00e9phanie Bassibey<\/p>\n","protected":false},"author":2,"featured_media":0,"parent":0,"menu_order":0,"comment_status":"closed","ping_status":"closed","template":"","meta":{"footnotes":""},"class_list":["post-14","page","type-page","status-publish","hentry"],"_links":{"self":[{"href":"https:\/\/artencorps.fr\/index.php\/wp-json\/wp\/v2\/pages\/14","targetHints":{"allow":["GET"]}}],"collection":[{"href":"https:\/\/artencorps.fr\/index.php\/wp-json\/wp\/v2\/pages"}],"about":[{"href":"https:\/\/artencorps.fr\/index.php\/wp-json\/wp\/v2\/types\/page"}],"author":[{"embeddable":true,"href":"https:\/\/artencorps.fr\/index.php\/wp-json\/wp\/v2\/users\/2"}],"replies":[{"embeddable":true,"href":"https:\/\/artencorps.fr\/index.php\/wp-json\/wp\/v2\/comments?post=14"}],"version-history":[{"count":16,"href":"https:\/\/artencorps.fr\/index.php\/wp-json\/wp\/v2\/pages\/14\/revisions"}],"predecessor-version":[{"id":625,"href":"https:\/\/artencorps.fr\/index.php\/wp-json\/wp\/v2\/pages\/14\/revisions\/625"}],"wp:attachment":[{"href":"https:\/\/artencorps.fr\/index.php\/wp-json\/wp\/v2\/media?parent=14"}],"curies":[{"name":"wp","href":"https:\/\/api.w.org\/{rel}","templated":true}]}}