{"id":15,"date":"2024-07-17T12:11:45","date_gmt":"2024-07-17T10:11:45","guid":{"rendered":"http:\/\/artencorps.fr\/?page_id=15"},"modified":"2024-09-03T08:13:56","modified_gmt":"2024-09-03T06:13:56","slug":"art-en-corps","status":"publish","type":"page","link":"https:\/\/artencorps.fr\/index.php\/art-en-corps\/","title":{"rendered":"Art en corps"},"content":{"rendered":"\n<p class=\"has-text-align-center\"><br><a href=\"http:\/\/artencorps.fr\/index.php\/preambule\/\" data-type=\"page\" data-id=\"41\">Qui sommes-nous ?<\/a><br>La cr\u00e9ation d&#8217;<em>Art en corps<\/em> et sa vocation<\/p>\n\n\n\n<p class=\"has-text-align-center\"><br><a href=\"http:\/\/artencorps.fr\/index.php\/equipe\/\" data-type=\"page\" data-id=\"14\">\u00c9quipe artistique<\/a><br>Portrait de <em>Sol\u00e8ne Eberhardt<\/em>, directrice et artiste associ\u00e9e<\/p>\n\n\n\n<p class=\"has-text-align-center\"><br><a href=\"http:\/\/artencorps.fr\/index.php\/pedagogie\/\" data-type=\"page\" data-id=\"40\">P\u00e9dagogie<\/a><br>Organisation des ateliers et engagements<\/p>\n","protected":false},"excerpt":{"rendered":"<p>Qui sommes-nous ?La cr\u00e9ation d&#8217;Art en corps et sa vocation \u00c9quipe artistiquePortrait de Sol\u00e8ne Eberhardt, directrice et artiste associ\u00e9e P\u00e9dagogieOrganisation des ateliers et engagements<\/p>\n","protected":false},"author":2,"featured_media":0,"parent":0,"menu_order":0,"comment_status":"closed","ping_status":"closed","template":"","meta":{"footnotes":""},"class_list":["post-15","page","type-page","status-publish","hentry"],"_links":{"self":[{"href":"https:\/\/artencorps.fr\/index.php\/wp-json\/wp\/v2\/pages\/15","targetHints":{"allow":["GET"]}}],"collection":[{"href":"https:\/\/artencorps.fr\/index.php\/wp-json\/wp\/v2\/pages"}],"about":[{"href":"https:\/\/artencorps.fr\/index.php\/wp-json\/wp\/v2\/types\/page"}],"author":[{"embeddable":true,"href":"https:\/\/artencorps.fr\/index.php\/wp-json\/wp\/v2\/users\/2"}],"replies":[{"embeddable":true,"href":"https:\/\/artencorps.fr\/index.php\/wp-json\/wp\/v2\/comments?post=15"}],"version-history":[{"count":6,"href":"https:\/\/artencorps.fr\/index.php\/wp-json\/wp\/v2\/pages\/15\/revisions"}],"predecessor-version":[{"id":425,"href":"https:\/\/artencorps.fr\/index.php\/wp-json\/wp\/v2\/pages\/15\/revisions\/425"}],"wp:attachment":[{"href":"https:\/\/artencorps.fr\/index.php\/wp-json\/wp\/v2\/media?parent=15"}],"curies":[{"name":"wp","href":"https:\/\/api.w.org\/{rel}","templated":true}]}}

<p class="has-text-align-center"><br><a href="http://artencorps.fr/index.php/preambule/" data-type="page" data-id="41">Qui sommes-nous ?</a><br>La création d&#8217;<em>Art en corps</em> et sa vocation</p>



<p class="has-text-align-center"><br><a href="http://artencorps.fr/index.php/equipe/" data-type="page" data-id="14">Équipe artistique</a><br>Portrait de <em>Solène Eberhardt</em>, directrice et artiste associée</p>



<p class="has-text-align-center"><br><a href="http://artencorps.fr/index.php/pedagogie/" data-type="page" data-id="40">Pédagogie</a><br>Organisation des ateliers et engagements</p>

<p>Qui sommes-nous ?La création d&#8217;Art en corps et sa vocation Équipe artistiquePortrait de Solène Eberhardt, directrice et artiste associée PédagogieOrganisation des ateliers et engagements</p>
