{"id":17,"date":"2024-07-17T12:11:45","date_gmt":"2024-07-17T10:11:45","guid":{"rendered":"http:\/\/artencorps.fr\/?page_id=17"},"modified":"2024-08-20T10:21:48","modified_gmt":"2024-08-20T08:21:48","slug":"inscriptions","status":"publish","type":"page","link":"https:\/\/artencorps.fr\/index.php\/inscriptions\/","title":{"rendered":"Inscriptions"},"content":{"rendered":"\n<p class=\"has-text-align-center\"><strong>Retrouvez toutes les inscriptions pour la saison 2024-2025<\/strong> :<\/p>\n\n\n\n<p class=\"has-text-align-center\"><br><a href=\"http:\/\/artencorps.fr\/index.php\/ateliers\/\" data-type=\"page\" data-id=\"16\">les ateliers d\u2019initiation au th\u00e9\u00e2tre pour les 11-14 ans<\/a><br><\/p>\n\n\n\n<p class=\"has-text-align-center\"><br>\u00c0 venir :<\/p>\n\n\n\n<p class=\"has-text-align-center\"><em>inscriptions aux ateliers d&#8217;\u00e9veil<\/em><br><em>inscriptions aux ateliers de perfectionnement<\/em><br><em>inscriptions aux stages<\/em><br><em>inscriptions aux rencontres<\/em><\/p>\n","protected":false},"excerpt":{"rendered":"<p>Retrouvez toutes les inscriptions pour la saison 2024-2025 : les ateliers d\u2019initiation au th\u00e9\u00e2tre pour les 11-14 ans \u00c0 venir : inscriptions aux ateliers d&#8217;\u00e9veilinscriptions aux ateliers de perfectionnementinscriptions aux stagesinscriptions aux rencontres<\/p>\n","protected":false},"author":2,"featured_media":0,"parent":0,"menu_order":0,"comment_status":"closed","ping_status":"closed","template":"","meta":{"footnotes":"[]"},"class_list":["post-17","page","type-page","status-publish","hentry"],"_links":{"self":[{"href":"https:\/\/artencorps.fr\/index.php\/wp-json\/wp\/v2\/pages\/17","targetHints":{"allow":["GET"]}}],"collection":[{"href":"https:\/\/artencorps.fr\/index.php\/wp-json\/wp\/v2\/pages"}],"about":[{"href":"https:\/\/artencorps.fr\/index.php\/wp-json\/wp\/v2\/types\/page"}],"author":[{"embeddable":true,"href":"https:\/\/artencorps.fr\/index.php\/wp-json\/wp\/v2\/users\/2"}],"replies":[{"embeddable":true,"href":"https:\/\/artencorps.fr\/index.php\/wp-json\/wp\/v2\/comments?post=17"}],"version-history":[{"count":6,"href":"https:\/\/artencorps.fr\/index.php\/wp-json\/wp\/v2\/pages\/17\/revisions"}],"predecessor-version":[{"id":299,"href":"https:\/\/artencorps.fr\/index.php\/wp-json\/wp\/v2\/pages\/17\/revisions\/299"}],"wp:attachment":[{"href":"https:\/\/artencorps.fr\/index.php\/wp-json\/wp\/v2\/media?parent=17"}],"curies":[{"name":"wp","href":"https:\/\/api.w.org\/{rel}","templated":true}]}}